0). Let d = -14 - -22. Let k = 0 + d. Calculate the highest common factor of s and k.
8
Let i = -96229 - -96265. Let f(b) = -b + 36. Let g be f(0). Calculate the highest common divisor of g and i.
36
Suppose s - 5*s - 48 = 0. Let h be (-75)/(-2) + s/(-24) - 0. Calculate the highest common divisor of 95 and h.
19
Suppose 2*w + 122 = -22. Suppose 0 = 7*p - 14, -3*x = -2*p + 17 - 262. Let u = x + w. Calculate the greatest common factor of 11 and u.
11
Suppose 126 = 22*a + 60. Let p be 0 + a - 1/((-2)/250). Calculate the greatest common divisor of 16 and p.
16
Let z(x) = x**2 - 2*x - 9. Let p be z(-4). Let r = 241 + -231. Calculate the highest common factor of p and r.
5
Suppose -17*a + 9435 = 68*a. Let k(j) = 10*j**2 + 3*j. Let w be k(-4). Calculate the highest common divisor of w and a.
37
Let b(i) = -129*i + 6. Let y = 207 + -208. Let o be b(y). What is the highest common factor of 15 and o?
15
Let n be 0 - ((-2)/(-2) + 104). Suppose -k = -33*j + 37*j + 136, 4*j = 4*k + 484. Let h = n - k. Calculate the highest common divisor of h and 38.
19
Let n = -13 - -97. Let i = n + -60. Let y = 1442 + -1406. What is the greatest common divisor of i and y?
12
Suppose 7*j - 12 - 16 = 0. Suppose -41 - j = -3*h. Let l(w) = -w**3 + 15*w**2 + 10. Let x be l(h). What is the greatest common factor of 5 and x?
5
Suppose 4*v + 5*k - 7 = 19, -4*k = -2*v. Suppose 4*p - 284 = -v*i, 0 = -p - 4*p + 10. What is the greatest common divisor of i and 46?
23
Let w(k) = k**3 + 3*k**2 + 39*k + 741. Let l be w(0). Calculate the greatest common divisor of 456 and l.
57
Let c(s) = -s**3 - 16*s**2 - 9*s + 10. Let p be c(-16). Let w(v) = -v**3 - 8*v**2 - 12*v - 21. Let q be w(-7). What is the greatest common factor of p and q?
14
Suppose 5*r = 28*t - 32*t + 235, -229 = -4*t - 3*r. What is the greatest common divisor of 90 and t?
5
Let l be (-1)/(-2) + 492/24. Let c = 1241 + -1227. Calculate the greatest common factor of l and c.
7
Suppose 5 - 45 = -4*n. Let j(k) = -k**3 + 12*k**2 - 16*k - 22. Let r be j(n). Suppose r*z = 14*z + 148. What is the highest common divisor of z and 148?
37
Let n be 132 + (-5 + -2 - -3). Let t be 32/n - (-59)/4. What is the highest common divisor of 480 and t?
15
Suppose -4*p + 33 - 55 = -282. Let k(x) = -x**3 + 8*x**2 - 4*x + 5. Let d be k(7). Calculate the greatest common divisor of d and p.
13
Let g be -48 - (1 + -2 + 4). Let f = 54 + g. Let y be 26 - (f/1 - 7). What is the highest common factor of y and 120?
30
Let a(t) = -14*t**3 - 2*t - 1. Let b be a(-2). Suppose 3*u + b + 41 = 4*v, 0 = 2*u + 8. Let q = 1687 + -1675. What is the greatest common factor of q and v?
12
Let k = -784 - -1111. Calculate the greatest common factor of 1744 and k.
109
Let n(r) = 22*r**2 - 283*r - 33. Let t be n(13). Let y(f) = 9*f + 5*f - 8 + 20. Let g be y(t). What is the greatest common divisor of g and 32?
32
Let l = -613 - -878. Suppose -5*x = -0*x - l. Let y = x - 41. What is the greatest common divisor of 132 and y?
12
Let r be (3 + -2 + -12)*1. Let d = -5 - r. Let g be ((-4)/(-14))/((-141)/(-20727)). What is the greatest common factor of d and g?
6
Let i(p) = -p**3 + 14*p**2 - 54*p + 83. Let x be i(9). Let h(g) = -g + 74. Let m be h(0). What is the greatest common factor of x and m?
2
Let h = -5823 - -5867. What is the highest common divisor of 5489 and h?
11
Let u be (0/7)/(7/7). Suppose u*q + 92 = 2*q + 4*o, -5*o - 200 = -5*q. Let s be 0 + 58 + 4/(-2). Calculate the greatest common factor of q and s.
14
Suppose -1120 = -4*r + 2*r. Suppose -12*x + 1864 + r = 0. Calculate the highest common divisor of 2 and x.
2
Let q(u) = -11*u + 34. Let k be q(-8). What is the highest common divisor of k and 7198?
122
Let d(r) = 8*r**2 + r + 3. Let c be d(3). Let l be (92 - (-11 + 27)) + -24. Calculate the greatest common divisor of c and l.
26
Suppose x + 117 = 4*x + 3*v, 136 = 4*x - v. Let f = -77 - -81. Suppose -3*d = -25 + f. What is the greatest common factor of x and d?
7
Let n(b) = -3*b**2 + 21*b - 4. Let y be n(7). Let c be y - (-46)/10 - (-614)/10. What is the greatest common divisor of c and 31?
31
Let u(l) = 14 - 43 + 14 - 12*l - l**2. Let d be u(-9). Let w(i) = -3*i - 14. Let t be w(-6). What is the greatest common factor of d and t?
4
Suppose -4*i = 2*c + 3*c + 38, 4*c - 5*i + 55 = 0. Let v be 15/c*(112/(-3) + 0). What is the greatest common factor of 126 and v?
14
Suppose -7*m = -1237 + 593. Suppose 2*a - 202 = -2*i, 4*a = i + 3*i + 372. Suppose a*l + m = 101*l. Calculate the highest common factor of 92 and l.
23
Let g be 6/(-39) - 112/(-52). Suppose g*h - 420 = -2*h. Suppose -10*z = -3*z - h. What is the greatest common factor of 105 and z?
15
Let y = 136 - -26. Calculate the greatest common divisor of y and 6642.
162
Let x = -188 - -178. Let v be 4 + (-6 - x/2). Let y(t) = t + 12. Let f be y(0). Calculate the greatest common factor of f and v.
3
Let o(i) = 3*i + 1. Let b(d) = 16*d - 8. Let l(x) = -3*b(x) + 15*o(x). Let g be l(-27). Suppose 2*c - 7 = 23. Calculate the highest common factor of c and g.
15
Let c be (1269/(-135))/((-1)/1)*5. Calculate the greatest common factor of c and 62369.
47
Let s(u) = 39*u + 75 + 41*u - 66*u. Let k be s(5). Calculate the highest common divisor of k and 20.
5
Let i be 5 - 9 - -1 - -83. Let d be -5 + (-2 + 3 - (14 + -458)). What is the greatest common factor of d and i?
40
Suppose 6*g + 3*g = -1386. Let b = g - -170. What is the greatest common divisor of 8 and b?
8
Let p(z) = -23*z - 39. Let x(a) = -7*a - 13. Let w(d) = -2*p(d) + 7*x(d). Let q be w(-11). What is the highest common divisor of 5 and q?
5
Suppose 5*c + 6*t = 5*t + 61, -3*c - 4*t + 40 = 0. What is the highest common factor of 14676 and c?
12
Let o = -549 + 608. Calculate the highest common divisor of 2773 and o.
59
Suppose 419 = 4*y - 21. Let o = -9 - -12. Suppose -o*j = -j - 44. Calculate the greatest common factor of j and y.
22
Let x(q) = 343*q - 8572. Let j be x(25). What is the highest common divisor of j and 192?
3
Suppose -2*u + 31 = 5*q, -5*q + 13 + 6 = -2*u. Suppose 2*h = 4*c + 16, 2*c = 3*h - 31 + u. What is the highest common divisor of h and 35?
5
Let z = 21763 + -8206. What is the highest common factor of 3 and z?
3
Suppose -w - 537*p + 12925 = -542*p, -4*p = -2*w + 25808. Calculate the greatest common factor of w and 10.
10
Suppose -8*z + 523 = -661. Suppose 7*t - 3*t + z = 0. Let k = -6 - t. Calculate the highest common factor of 279 and k.
31
Let u = 28 - 96. Let f = 72 + u. Suppose 4*o = f*m + 128, o + 0*m + m - 28 = 0. Calculate the highest common divisor of 30 and o.
30
Suppose 0 = -219*k + 218*k - 330. Let q = -320 - k. Let i be (-5)/(-4)*(-8)/(-1). What is the highest common factor of i and q?
10
Let x be (-1)/(-3) + 1546*5/30. Suppose -2*m - x = -4*m - g, 3*m - 388 = -g. What is the greatest common factor of 39 and m?
13
Suppose 3*i + f - 30 = 0, -15*f + 18*f = i. Suppose 4*g + 99 = 3*w, -4*w - i*g + 4*g + 101 = 0. Calculate the greatest common divisor of w and 1.
1
Let a(w) = 2*w**2 - 29*w + 56. Let p be a(13). Calculate the greatest common divisor of p and 4352.
17
Let q = 3305 + -893. Calculate the highest common factor of q and 72.
36
Let z be -4 + 3 + (4 - 0). Suppose 4*s - 2*b + 440 + 1482 = 0, z*s + 3*b = -1446. Let v = -337 - s. Calculate the highest common divisor of v and 16.
16
Let o be 340/680 - 52*(2 + (-147)/24). What is the greatest common divisor of 7181 and o?
43
Suppose 4*g + 389 = 4*o + 1073, -509 = -3*g + 5*o. Let b = g + -85. Calculate the greatest common factor of 16 and b.
8
Suppose 5*j = 5*h + 130, 0 = -76*j + 80*j - 2*h - 96. Calculate the greatest common factor of j and 2706.
22
Let l = 1700 + 224. What is the highest common divisor of l and 156?
52
Suppose -3*s = -4*s + 50. Suppose -s = -5*x - 3*t, -32 = -15*x + 14*x - 5*t. What is the highest common divisor of x and 35?
7
Suppose -30 = -10*t + 210. Let n = -2963 + 3371. What is the greatest common divisor of n and t?
24
Let g be (((-5510)/19)/(-10))/(89/(-45) + 2). Calculate the highest common factor of g and 72.
9
Suppose -6630 = -3*k - 2*z, 2*k = -4*z + 6577 - 2165. Calculate the greatest common divisor of 112 and k.
28
Let j be ((-744)/465)/(2/1115). Let f = 910 + j. Calculate the greatest common divisor of f and 144.
18
Let v(u) = u + 776. Let a be v(0). Suppos